{"id":26136,"date":"2025-01-23T09:37:36","date_gmt":"2025-01-23T09:37:36","guid":{"rendered":"https:\/\/www.fkbv.um.si\/?page_id=26136"},"modified":"2025-02-05T08:23:12","modified_gmt":"2025-02-05T08:23:12","slug":"projekt-j7-60129","status":"publish","type":"page","link":"https:\/\/www.fkbv.um.si\/?page_id=26136","title":{"rendered":"Projekt J7-60129"},"content":{"rendered":"\t\t<div data-elementor-type=\"wp-page\" data-elementor-id=\"26136\" class=\"elementor elementor-26136\" data-elementor-post-type=\"page\">\n\t\t\t\t\t\t<section class=\"elementor-section elementor-top-section elementor-element elementor-element-250013ae elementor-section-boxed elementor-section-height-default elementor-section-height-default\" data-id=\"250013ae\" data-element_type=\"section\" data-e-type=\"section\">\n\t\t\t\t\t\t<div class=\"elementor-container elementor-column-gap-default\">\n\t\t\t\t\t<div class=\"elementor-column elementor-col-100 elementor-top-column elementor-element elementor-element-643cc52a\" data-id=\"643cc52a\" data-element_type=\"column\" data-e-type=\"column\">\n\t\t\t<div class=\"elementor-widget-wrap elementor-element-populated\">\n\t\t\t\t\t\t<div class=\"elementor-element elementor-element-2903ef12 elementor-widget elementor-widget-text-editor\" data-id=\"2903ef12\" data-element_type=\"widget\" data-e-type=\"widget\" data-widget_type=\"text-editor.default\">\n\t\t\t\t<div class=\"elementor-widget-container\">\n\t\t\t\t\t\t\t\t\t<p><\/p>\n<h1><strong>Integracija dveh avtohtonih pasem drobnice v me\u0161ani pa\u0161ni sistem; etologija, genomika, produktivnost in biotska raznovrstnost travi\u0161\u010d<\/strong><\/h1>\n\n<h2><strong>J7-60129<\/strong><\/h2>\n<h2><\/h2>\n<h3><strong>Financiranje: ARiS &#8211; Javna agencija za znanstvenoraziskovalno in inovacijsko dejavnost Republike Slovenije<\/strong><\/h3>\n<h3><\/h3>\n<h3><strong>Vrsta projekta: temeljni raziskovalni<\/strong><\/h3>\n<h3><\/h3>\n<h3><strong>Trajanje: 1.1.2025-31.12.2027<\/strong><\/h3>\n<h3><\/h3>\n<h3><strong>Vodja projekta: Janko Skok (Katedra za \u017eivinorejo, Fakulteta za kmetijstvo in biosistemske vede, Univerza v Mariboru)<\/strong><\/h3>\n\n<p>Okoljska trajnost, ki vklju\u010duje okoljske in podnebne zahteve ter poudarja dobro po\u010dutje \u017eivali (\u017eivalim prijazna reja), ima danes v razvoju kmetijstva in \u017eivinoreje vse ve\u010dji pomen. V prizadevanju za trajnostne prakse, postaja vse pomembnej\u0161i prehod iz monokulturnega v ve\u010dvrstno kmetovanje. Me\u0161ana \u010dreda ovac in koz predstavlja potencialno ustrezen ve\u010dvrstni rejski sistem, vendar so njene biolo\u0161ke zna\u010dilnosti, interakcije in dinamika skoraj popolnoma neznane. Zato je glavni cilj tega projekta pribli\u017eati pogoje reje tistim zna\u010dilnim predvsem za naravne ekosisteme\/zdru\u017ebe, in pridobiti osnovna znanja o delovanju in \u010dasovni dinamiki simpatri\u010dne zdru\u017ebe ekolo\u0161ko kompatibilnih vrst doma\u010dih \u017eivali. Na obmo\u010dju na prehodu med nekdanjim intenzivnim nasadom jablan in pa\u0161nikom bomo vzpostavili me\u0161ano \u010dredo avtohtonih pasem ovac (belokrajnska pramenka) in koz (dre\u017eni\u0161ka koza). Projekt je razdeljen na dva delovna sklopa (DS). DS1 je namenjen \u0161tudijam o biologiji\/etologiji obravnavane zdru\u017ebe doma\u010dih \u017eivali in povezavah med genotipom in fenotipom \u017eivali v zvezi z osnovnimi zna\u010dilnostmi in dinamiko spontano razvijajo\u010dih se socialnih struktur v me\u0161ani populaciji koz\/ovc. V ta namen bomo implementirali osnovna opazovanja obna\u0161anja \u017eivali (etogram), analize prostorske in \u010dasovne dinamike obna\u0161anja \u017eivali (kronobiologija), analize socialnih mre\u017e in sekvenciranje celotnega genoma vseh obravnavanih osebkov. DS2 zajema oceno rastlinskih zdru\u017eb, tako z vidika produktivnosti, hranilne vrednosti in kemi\u010dne sestave travi\u0161\u010d, kot z vidika ocene floristi\u010dne in funkcionalne pestrosti na pa\u0161nih in nepa\u0161enih povr\u0161inah. Dodatno pa DS2 vklju\u010duje tudi analize fizikalne in kemi\u010dne sestave tal ter GIS analize. Podatki bodo v zadnji fazi projekta sintetizirani in na osnovi teh se bo izvedlo kon\u010dno analizo podatkov, modeliranje in implementacijo rezultatov. Projekt zdru\u017euje ve\u010d &#8216;vro\u010dih podro\u010dij&#8217; znanosti \u2013 npr. biotska raznovrstnost, botanika, pedologija, molekularna biologija (povezave genotipa s fenotipom) in etologija (dobro po\u010dutje \u017eivali in socialne mre\u017ee). Zato bodo rezultati predstavljali pomemben in izviren znanstveni prispevek k razumevanju biologije doma\u010dih \u017eivali. Glede na pomanjkanje osnovnega biolo\u0161kega znanja o sistemih reje, kjer si ve\u010d vrst hkrati deli isto pa\u0161no povr\u0161ino, bi ta raziskovalni projekt lahko zagotovil dodatno, podrobnej\u0161e znanje, ki je klju\u010dnega pomena za u\u010dinkovito implementacijo sistemov me\u0161ane reje ve\u010d vrst \u017eivine, in bo prispevalo k prehodu iz enovrstne v ve\u010dvrstno pa\u0161o ter do razvoja raznolikih in sonaravnih sistemov kmetovanja, tudi v intenzivnih sistemih kmetijske pridelave. Nenazadnje bodo rezultati \u0161e posebej pomembni v smislu sanacije degradiranih krajin (v smislu biotske raznovrstnosti in ekolo\u0161ke stabilnosti).<\/p>\n\n<ul>\n<li><a href=\"https:\/\/www.fkbv.um.si\/?page_id=26148\"><strong>Raziskovalne skupine in delovni sklopi<\/strong><\/a><\/li>\n<\/ul>\n\n<p>\u00a0<\/p>\n\t\t\t\t\t\t\t\t<\/div>\n\t\t\t\t<\/div>\n\t\t\t\t\t<\/div>\n\t\t<\/div>\n\t\t\t\t\t<\/div>\n\t\t<\/section>\n\t\t\t\t<\/div>\n\t\t","protected":false},"excerpt":{"rendered":"<p>Integracija dveh avtohtonih pasem drobnice v me\u0161ani pa\u0161ni sistem; etologija, genomika, produktivnost in biotska raznovrstnost travi\u0161\u010d J7-60129 Financiranje: ARiS &#8211; Javna agencija za znanstvenoraziskovalno in inovacijsko dejavnost Republike Slovenije Vrsta projekta: temeljni raziskovalni Trajanje: 1.1.2025-31.12.2027 Vodja projekta: Janko Skok (Katedra za \u017eivinorejo, Fakulteta za kmetijstvo in biosistemske vede, Univerza v Mariboru) Okoljska trajnost, ki vklju\u010duje [&hellip;]<\/p>\n","protected":false},"author":96,"featured_media":0,"parent":0,"menu_order":0,"comment_status":"closed","ping_status":"closed","template":"elementor_header_footer","meta":{"ocean_post_layout":"","ocean_both_sidebars_style":"","ocean_both_sidebars_content_width":0,"ocean_both_sidebars_sidebars_width":0,"ocean_sidebar":"","ocean_second_sidebar":"","ocean_disable_margins":"enable","ocean_add_body_class":"","ocean_shortcode_before_top_bar":"","ocean_shortcode_after_top_bar":"","ocean_shortcode_before_header":"","ocean_shortcode_after_header":"","ocean_has_shortcode":"","ocean_shortcode_after_title":"","ocean_shortcode_before_footer_widgets":"","ocean_shortcode_after_footer_widgets":"","ocean_shortcode_before_footer_bottom":"","ocean_shortcode_after_footer_bottom":"","ocean_display_top_bar":"default","ocean_display_header":"default","ocean_header_style":"","ocean_center_header_left_menu":"","ocean_custom_header_template":"","ocean_custom_logo":0,"ocean_custom_retina_logo":0,"ocean_custom_logo_max_width":0,"ocean_custom_logo_tablet_max_width":0,"ocean_custom_logo_mobile_max_width":0,"ocean_custom_logo_max_height":0,"ocean_custom_logo_tablet_max_height":0,"ocean_custom_logo_mobile_max_height":0,"ocean_header_custom_menu":"","ocean_menu_typo_font_family":"","ocean_menu_typo_font_subset":"","ocean_menu_typo_font_size":0,"ocean_menu_typo_font_size_tablet":0,"ocean_menu_typo_font_size_mobile":0,"ocean_menu_typo_font_size_unit":"px","ocean_menu_typo_font_weight":"","ocean_menu_typo_font_weight_tablet":"","ocean_menu_typo_font_weight_mobile":"","ocean_menu_typo_transform":"","ocean_menu_typo_transform_tablet":"","ocean_menu_typo_transform_mobile":"","ocean_menu_typo_line_height":0,"ocean_menu_typo_line_height_tablet":0,"ocean_menu_typo_line_height_mobile":0,"ocean_menu_typo_line_height_unit":"","ocean_menu_typo_spacing":0,"ocean_menu_typo_spacing_tablet":0,"ocean_menu_typo_spacing_mobile":0,"ocean_menu_typo_spacing_unit":"","ocean_menu_link_color":"","ocean_menu_link_color_hover":"","ocean_menu_link_color_active":"","ocean_menu_link_background":"","ocean_menu_link_hover_background":"","ocean_menu_link_active_background":"","ocean_menu_social_links_bg":"","ocean_menu_social_hover_links_bg":"","ocean_menu_social_links_color":"","ocean_menu_social_hover_links_color":"","ocean_disable_title":"default","ocean_disable_heading":"default","ocean_post_title":"","ocean_post_subheading":"","ocean_post_title_style":"","ocean_post_title_background_color":"","ocean_post_title_background":0,"ocean_post_title_bg_image_position":"","ocean_post_title_bg_image_attachment":"","ocean_post_title_bg_image_repeat":"","ocean_post_title_bg_image_size":"","ocean_post_title_height":0,"ocean_post_title_bg_overlay":0.5,"ocean_post_title_bg_overlay_color":"","ocean_disable_breadcrumbs":"default","ocean_breadcrumbs_color":"","ocean_breadcrumbs_separator_color":"","ocean_breadcrumbs_links_color":"","ocean_breadcrumbs_links_hover_color":"","ocean_display_footer_widgets":"default","ocean_display_footer_bottom":"default","ocean_custom_footer_template":"","footnotes":""},"folder":[],"class_list":["post-26136","page","type-page","status-publish","hentry","entry"],"publishpress_future_action":{"enabled":false,"date":"2026-04-24 04:24:14","action":"change-status","newStatus":"draft","terms":[],"taxonomy":"folder","extraData":[]},"publishpress_future_workflow_manual_trigger":{"enabledWorkflows":[]},"_links":{"self":[{"href":"https:\/\/www.fkbv.um.si\/index.php?rest_route=\/wp\/v2\/pages\/26136","targetHints":{"allow":["GET"]}}],"collection":[{"href":"https:\/\/www.fkbv.um.si\/index.php?rest_route=\/wp\/v2\/pages"}],"about":[{"href":"https:\/\/www.fkbv.um.si\/index.php?rest_route=\/wp\/v2\/types\/page"}],"author":[{"embeddable":true,"href":"https:\/\/www.fkbv.um.si\/index.php?rest_route=\/wp\/v2\/users\/96"}],"replies":[{"embeddable":true,"href":"https:\/\/www.fkbv.um.si\/index.php?rest_route=%2Fwp%2Fv2%2Fcomments&post=26136"}],"version-history":[{"count":26,"href":"https:\/\/www.fkbv.um.si\/index.php?rest_route=\/wp\/v2\/pages\/26136\/revisions"}],"predecessor-version":[{"id":26751,"href":"https:\/\/www.fkbv.um.si\/index.php?rest_route=\/wp\/v2\/pages\/26136\/revisions\/26751"}],"wp:attachment":[{"href":"https:\/\/www.fkbv.um.si\/index.php?rest_route=%2Fwp%2Fv2%2Fmedia&parent=26136"}],"wp:term":[{"taxonomy":"folder","embeddable":true,"href":"https:\/\/www.fkbv.um.si\/index.php?rest_route=%2Fwp%2Fv2%2Ffolder&post=26136"}],"curies":[{"name":"wp","href":"https:\/\/api.w.org\/{rel}","templated":true}]}}