{"id":1796,"date":"2021-12-07T22:51:41","date_gmt":"2021-12-07T22:51:41","guid":{"rendered":"http:\/\/fkbv2.um.si\/?page_id=1796"},"modified":"2021-12-07T22:52:02","modified_gmt":"2021-12-07T22:52:02","slug":"razpisi-eng","status":"publish","type":"page","link":"https:\/\/www.fkbv.um.si\/?page_id=1796&lang=en","title":{"rendered":"Razpisi &#8211; ENG"},"content":{"rendered":"\t\t<div data-elementor-type=\"wp-page\" data-elementor-id=\"1796\" class=\"elementor elementor-1796\" data-elementor-post-type=\"page\">\n\t\t\t\t\t\t<section class=\"elementor-section elementor-top-section elementor-element elementor-element-1f000fc elementor-section-boxed elementor-section-height-default elementor-section-height-default\" data-id=\"1f000fc\" data-element_type=\"section\" data-e-type=\"section\">\n\t\t\t\t\t\t<div class=\"elementor-container elementor-column-gap-default\">\n\t\t\t\t\t<div class=\"elementor-column elementor-col-100 elementor-top-column elementor-element elementor-element-e29b3af\" data-id=\"e29b3af\" data-element_type=\"column\" data-e-type=\"column\">\n\t\t\t<div class=\"elementor-widget-wrap\">\n\t\t\t\t\t\t\t<\/div>\n\t\t<\/div>\n\t\t\t\t\t<\/div>\n\t\t<\/section>\n\t\t\t\t<header class=\"elementor-section elementor-top-section elementor-element elementor-element-62d14442 elementor-section-height-min-height elementor-section-boxed elementor-section-height-default elementor-section-items-middle elementor-invisible\" data-id=\"62d14442\" data-element_type=\"section\" data-e-type=\"section\" data-settings=\"{&quot;background_background&quot;:&quot;classic&quot;,&quot;animation&quot;:&quot;fadeIn&quot;,&quot;animation_delay&quot;:50}\">\n\t\t\t\t\t\t\t<div class=\"elementor-background-overlay\"><\/div>\n\t\t\t\t\t\t\t<div class=\"elementor-container elementor-column-gap-no\">\n\t\t\t\t\t<div class=\"elementor-column elementor-col-33 elementor-top-column elementor-element elementor-element-2b0a2839\" data-id=\"2b0a2839\" data-element_type=\"column\" data-e-type=\"column\">\n\t\t\t<div class=\"elementor-widget-wrap elementor-element-populated\">\n\t\t\t\t\t\t<div class=\"elementor-element elementor-element-490d08b1 elementor-invisible elementor-widget elementor-widget-heading\" data-id=\"490d08b1\" data-element_type=\"widget\" data-e-type=\"widget\" data-settings=\"{&quot;_animation&quot;:&quot;fadeIn&quot;}\" data-widget_type=\"heading.default\">\n\t\t\t\t<div class=\"elementor-widget-container\">\n\t\t\t\t\t<h1 class=\"elementor-heading-title elementor-size-default\">Razpisi<br><span style=\", sans-serif;font-size: 20px;font-style: normal;font-weight: 400;letter-spacing: 0.2px\"><\/h1>\t\t\t\t<\/div>\n\t\t\t\t<\/div>\n\t\t\t\t\t<\/div>\n\t\t<\/div>\n\t\t\t\t<div class=\"elementor-column elementor-col-33 elementor-top-column elementor-element elementor-element-44f09336\" data-id=\"44f09336\" data-element_type=\"column\" data-e-type=\"column\">\n\t\t\t<div class=\"elementor-widget-wrap elementor-element-populated\">\n\t\t\t\t\t\t\t<\/div>\n\t\t<\/div>\n\t\t\t\t<div class=\"elementor-column elementor-col-33 elementor-top-column elementor-element elementor-element-3f1c17a9\" data-id=\"3f1c17a9\" data-element_type=\"column\" data-e-type=\"column\">\n\t\t\t<div class=\"elementor-widget-wrap\">\n\t\t\t\t\t\t\t<\/div>\n\t\t<\/div>\n\t\t\t\t\t<\/div>\n\t\t<\/header>\n\t\t\t\t<section class=\"elementor-section elementor-top-section elementor-element elementor-element-3b46d039 elementor-section-boxed elementor-section-height-default elementor-section-height-default\" data-id=\"3b46d039\" data-element_type=\"section\" data-e-type=\"section\">\n\t\t\t\t\t\t<div class=\"elementor-container elementor-column-gap-default\">\n\t\t\t\t\t<div class=\"elementor-column elementor-col-100 elementor-top-column elementor-element elementor-element-67a8ab94\" data-id=\"67a8ab94\" data-element_type=\"column\" data-e-type=\"column\">\n\t\t\t<div class=\"elementor-widget-wrap elementor-element-populated\">\n\t\t\t\t\t\t<div class=\"elementor-element elementor-element-206512f elementor-widget elementor-widget-text-editor\" data-id=\"206512f\" data-element_type=\"widget\" data-e-type=\"widget\" data-widget_type=\"text-editor.default\">\n\t\t\t\t<div class=\"elementor-widget-container\">\n\t\t\t\t\t\t\t\t\t<p>Javno zbiranje ponudb za oddajo poslovnega prostora v najem za opravljanje dejavnosti<\/p><ul><li><span style=\"text-decoration: underline;\"><a href=\"http:\/\/fkbv2.um.si\/wp-content\/uploads\/2021\/11\/04_Javno_zbiranje_ponudb_za_oddajo_poslovnega_prostora_v_najem_15_10_2021.pdf\">Priloga\u00a0 &#8211; Javno zbiranje ponudb za oddajo poslovnega prostora v najem za opravljanje dejavnosti\u00a0<\/a><\/span><\/li><\/ul><p>\u00a0<\/p>\t\t\t\t\t\t\t\t<\/div>\n\t\t\t\t<\/div>\n\t\t\t\t<div class=\"elementor-element elementor-element-aacae8f elementor-widget-divider--view-line elementor-widget elementor-widget-divider\" data-id=\"aacae8f\" data-element_type=\"widget\" data-e-type=\"widget\" data-widget_type=\"divider.default\">\n\t\t\t\t<div class=\"elementor-widget-container\">\n\t\t\t\t\t\t\t<div class=\"elementor-divider\">\n\t\t\t<span class=\"elementor-divider-separator\">\n\t\t\t\t\t\t<\/span>\n\t\t<\/div>\n\t\t\t\t\t\t<\/div>\n\t\t\t\t<\/div>\n\t\t\t\t<div class=\"elementor-element elementor-element-5b74335 elementor-widget elementor-widget-text-editor\" data-id=\"5b74335\" data-element_type=\"widget\" data-e-type=\"widget\" data-widget_type=\"text-editor.default\">\n\t\t\t\t<div class=\"elementor-widget-container\">\n\t\t\t\t\t\t\t\t\t<p>Javni razpis za dobavo, namestitev in garancijsko vzdr\u017eevanje ra\u010dunalni\u0161ke opreme po sklopih za potrebe FKBV<\/p><p>&#8221;Razpisna dokumentacija za drugo fazo postopka s predhodnim ugotavljanjem sposobnosti&#8221;<\/p><ul><li><span style=\"text-decoration: underline;\"><a href=\"http:\/\/fkbv2.um.si\/wp-content\/uploads\/2021\/11\/Razpisna_dokumentacija_september_2015.docx\">Razpisna dokumentacija<\/a><\/span> &#8211; september 2015 (DOCX)<\/li><li><span style=\"text-decoration: underline;\"><a href=\"http:\/\/fkbv2.um.si\/wp-content\/uploads\/2021\/11\/Tehnicne_specifikacije.xls\">Priloga 1 &#8211; Tehni\u010dna specifikacija<\/a><\/span>\u00a0 &#8211; september 2015 (XLS)<\/li><\/ul><p>\u00a0<\/p>\t\t\t\t\t\t\t\t<\/div>\n\t\t\t\t<\/div>\n\t\t\t\t<div class=\"elementor-element elementor-element-8aad3a3 elementor-widget-divider--view-line elementor-widget elementor-widget-divider\" data-id=\"8aad3a3\" data-element_type=\"widget\" data-e-type=\"widget\" data-widget_type=\"divider.default\">\n\t\t\t\t<div class=\"elementor-widget-container\">\n\t\t\t\t\t\t\t<div class=\"elementor-divider\">\n\t\t\t<span class=\"elementor-divider-separator\">\n\t\t\t\t\t\t<\/span>\n\t\t<\/div>\n\t\t\t\t\t\t<\/div>\n\t\t\t\t<\/div>\n\t\t\t\t<div class=\"elementor-element elementor-element-502a409 elementor-widget elementor-widget-text-editor\" data-id=\"502a409\" data-element_type=\"widget\" data-e-type=\"widget\" data-widget_type=\"text-editor.default\">\n\t\t\t\t<div class=\"elementor-widget-container\">\n\t\t\t\t\t\t\t\t\t<p><strong>EVIDEN\u010cNA NARO\u010cILA<\/strong><\/p><p>V skladu oz. na podlagi ZJN-3:\u00a0<\/p><ul><li><a href=\"http:\/\/fkbv2.um.si\/wp-content\/uploads\/2021\/11\/Seznam-oddanih-JN-2016.pdf\"><span style=\"text-decoration: underline;\">Eviden\u010dna naro\u010dila za leto 2016<\/span><\/a> &#8211; februar 2017 (PDF)<\/li><li><a href=\"http:\/\/fkbv2.um.si\/wp-content\/uploads\/2021\/11\/Seznam_oddanih_JN_2017.pdf\"><span style=\"text-decoration: underline;\">Eviden\u010dna naro\u010dila za leto 2017<\/span><\/a> &#8211; februar 2018 (PDF)<\/li><li><a href=\"http:\/\/fkbv2.um.si\/wp-content\/uploads\/2021\/11\/statistika-2018.pdf\"><span style=\"text-decoration: underline;\">Eviden\u010dna naro\u010dila za leto 2018<\/span><\/a> &#8211; april 2019 (PDF)<\/li><li><a href=\"http:\/\/fkbv2.um.si\/wp-content\/uploads\/2021\/11\/statistika_2019_objava_internet.pdf\"><span style=\"text-decoration: underline;\">Eviden\u010dna naro\u010dila za leto 2019<\/span><\/a> &#8211; februar 2020 (PDF)<\/li><li><a href=\"http:\/\/fkbv2.um.si\/wp-content\/uploads\/2021\/11\/Evidenca_JN_nad_vrednostjo_10000_EUR.pdf\"><span style=\"text-decoration: underline;\">Eviden\u010dna naro\u010dila za leto 2020<\/span><\/a> &#8211; februar 2021 (PDF)<\/li><\/ul>\t\t\t\t\t\t\t\t<\/div>\n\t\t\t\t<\/div>\n\t\t\t\t\t<\/div>\n\t\t<\/div>\n\t\t\t\t\t<\/div>\n\t\t<\/section>\n\t\t\t\t<\/div>\n\t\t","protected":false},"excerpt":{"rendered":"<p>Razpisi Javno zbiranje ponudb za oddajo poslovnega prostora v najem za opravljanje dejavnosti Priloga&nbsp; &#8211; Javno zbiranje ponudb za oddajo poslovnega prostora v najem za opravljanje dejavnosti&nbsp; Javni razpis za dobavo, namestitev in garancijsko vzdr\u017eevanje ra\u010dunalni\u0161ke opreme po sklopih za potrebe FKBV &#8221;Razpisna dokumentacija za drugo fazo postopka s predhodnim ugotavljanjem sposobnosti&#8221; Razpisna dokumentacija &#8211; [&hellip;]<\/p>\n","protected":false},"author":1,"featured_media":0,"parent":0,"menu_order":0,"comment_status":"closed","ping_status":"closed","template":"elementor_header_footer","meta":{"ocean_post_layout":"","ocean_both_sidebars_style":"","ocean_both_sidebars_content_width":0,"ocean_both_sidebars_sidebars_width":0,"ocean_sidebar":"0","ocean_second_sidebar":"0","ocean_disable_margins":"enable","ocean_add_body_class":"","ocean_shortcode_before_top_bar":"","ocean_shortcode_after_top_bar":"","ocean_shortcode_before_header":"","ocean_shortcode_after_header":"","ocean_has_shortcode":"","ocean_shortcode_after_title":"","ocean_shortcode_before_footer_widgets":"","ocean_shortcode_after_footer_widgets":"","ocean_shortcode_before_footer_bottom":"","ocean_shortcode_after_footer_bottom":"","ocean_display_top_bar":"default","ocean_display_header":"default","ocean_header_style":"","ocean_center_header_left_menu":"0","ocean_custom_header_template":"0","ocean_custom_logo":0,"ocean_custom_retina_logo":0,"ocean_custom_logo_max_width":0,"ocean_custom_logo_tablet_max_width":0,"ocean_custom_logo_mobile_max_width":0,"ocean_custom_logo_max_height":0,"ocean_custom_logo_tablet_max_height":0,"ocean_custom_logo_mobile_max_height":0,"ocean_header_custom_menu":"0","ocean_menu_typo_font_family":"0","ocean_menu_typo_font_subset":"","ocean_menu_typo_font_size":0,"ocean_menu_typo_font_size_tablet":0,"ocean_menu_typo_font_size_mobile":0,"ocean_menu_typo_font_size_unit":"px","ocean_menu_typo_font_weight":"","ocean_menu_typo_font_weight_tablet":"","ocean_menu_typo_font_weight_mobile":"","ocean_menu_typo_transform":"","ocean_menu_typo_transform_tablet":"","ocean_menu_typo_transform_mobile":"","ocean_menu_typo_line_height":0,"ocean_menu_typo_line_height_tablet":0,"ocean_menu_typo_line_height_mobile":0,"ocean_menu_typo_line_height_unit":"","ocean_menu_typo_spacing":0,"ocean_menu_typo_spacing_tablet":0,"ocean_menu_typo_spacing_mobile":0,"ocean_menu_typo_spacing_unit":"","ocean_menu_link_color":"","ocean_menu_link_color_hover":"","ocean_menu_link_color_active":"","ocean_menu_link_background":"","ocean_menu_link_hover_background":"","ocean_menu_link_active_background":"","ocean_menu_social_links_bg":"","ocean_menu_social_hover_links_bg":"","ocean_menu_social_links_color":"","ocean_menu_social_hover_links_color":"","ocean_disable_title":"default","ocean_disable_heading":"default","ocean_post_title":"","ocean_post_subheading":"","ocean_post_title_style":"","ocean_post_title_background_color":"","ocean_post_title_background":0,"ocean_post_title_bg_image_position":"","ocean_post_title_bg_image_attachment":"","ocean_post_title_bg_image_repeat":"","ocean_post_title_bg_image_size":"","ocean_post_title_height":0,"ocean_post_title_bg_overlay":0.5,"ocean_post_title_bg_overlay_color":"","ocean_disable_breadcrumbs":"default","ocean_breadcrumbs_color":"","ocean_breadcrumbs_separator_color":"","ocean_breadcrumbs_links_color":"","ocean_breadcrumbs_links_hover_color":"","ocean_display_footer_widgets":"default","ocean_display_footer_bottom":"default","ocean_custom_footer_template":"0","footnotes":""},"folder":[],"class_list":["post-1796","page","type-page","status-publish","hentry","entry"],"publishpress_future_action":{"enabled":false,"date":"2026-05-07 15:26:52","action":"change-status","newStatus":"draft","terms":[],"taxonomy":"folder","extraData":[]},"publishpress_future_workflow_manual_trigger":{"enabledWorkflows":[]},"_links":{"self":[{"href":"https:\/\/www.fkbv.um.si\/index.php?rest_route=\/wp\/v2\/pages\/1796","targetHints":{"allow":["GET"]}}],"collection":[{"href":"https:\/\/www.fkbv.um.si\/index.php?rest_route=\/wp\/v2\/pages"}],"about":[{"href":"https:\/\/www.fkbv.um.si\/index.php?rest_route=\/wp\/v2\/types\/page"}],"author":[{"embeddable":true,"href":"https:\/\/www.fkbv.um.si\/index.php?rest_route=\/wp\/v2\/users\/1"}],"replies":[{"embeddable":true,"href":"https:\/\/www.fkbv.um.si\/index.php?rest_route=%2Fwp%2Fv2%2Fcomments&post=1796"}],"version-history":[{"count":1,"href":"https:\/\/www.fkbv.um.si\/index.php?rest_route=\/wp\/v2\/pages\/1796\/revisions"}],"predecessor-version":[{"id":1797,"href":"https:\/\/www.fkbv.um.si\/index.php?rest_route=\/wp\/v2\/pages\/1796\/revisions\/1797"}],"wp:attachment":[{"href":"https:\/\/www.fkbv.um.si\/index.php?rest_route=%2Fwp%2Fv2%2Fmedia&parent=1796"}],"wp:term":[{"taxonomy":"folder","embeddable":true,"href":"https:\/\/www.fkbv.um.si\/index.php?rest_route=%2Fwp%2Fv2%2Ffolder&post=1796"}],"curies":[{"name":"wp","href":"https:\/\/api.w.org\/{rel}","templated":true}]}}