{"id":11444,"date":"2022-12-14T14:34:16","date_gmt":"2022-12-14T14:34:16","guid":{"rendered":"http:\/\/www.fkbv.um.si\/?page_id=11444"},"modified":"2023-09-21T10:29:59","modified_gmt":"2023-09-21T10:29:59","slug":"dokumentno-sredisce","status":"publish","type":"page","link":"https:\/\/www.fkbv.um.si\/?page_id=11444","title":{"rendered":"Dokumentno sredi\u0161\u010de"},"content":{"rendered":"\t\t<div data-elementor-type=\"wp-page\" data-elementor-id=\"11444\" class=\"elementor elementor-11444\" data-elementor-post-type=\"page\">\n\t\t\t\t\t\t<section class=\"elementor-section elementor-top-section elementor-element elementor-element-faaa32e elementor-section-boxed elementor-section-height-default elementor-section-height-default\" data-id=\"faaa32e\" data-element_type=\"section\" data-e-type=\"section\">\n\t\t\t\t\t\t<div class=\"elementor-container elementor-column-gap-default\">\n\t\t\t\t\t<div class=\"elementor-column elementor-col-100 elementor-top-column elementor-element elementor-element-d5a613c\" data-id=\"d5a613c\" data-element_type=\"column\" data-e-type=\"column\">\n\t\t\t<div class=\"elementor-widget-wrap elementor-element-populated\">\n\t\t\t\t\t\t<div class=\"elementor-element elementor-element-6a8873c elementor-widget elementor-widget-heading\" data-id=\"6a8873c\" data-element_type=\"widget\" data-e-type=\"widget\" data-widget_type=\"heading.default\">\n\t\t\t\t<div class=\"elementor-widget-container\">\n\t\t\t\t\t<h1 class=\"elementor-heading-title elementor-size-default\">Dokumentno sredi\u0161\u010de<\/h1>\t\t\t\t<\/div>\n\t\t\t\t<\/div>\n\t\t\t\t\t<\/div>\n\t\t<\/div>\n\t\t\t\t\t<\/div>\n\t\t<\/section>\n\t\t\t\t<section class=\"elementor-section elementor-top-section elementor-element elementor-element-4426a7a elementor-section-boxed elementor-section-height-default elementor-section-height-default\" data-id=\"4426a7a\" data-element_type=\"section\" data-e-type=\"section\">\n\t\t\t\t\t\t<div class=\"elementor-container elementor-column-gap-default\">\n\t\t\t\t\t<div class=\"elementor-column elementor-col-100 elementor-top-column elementor-element elementor-element-7830883\" data-id=\"7830883\" data-element_type=\"column\" data-e-type=\"column\">\n\t\t\t<div class=\"elementor-widget-wrap elementor-element-populated\">\n\t\t\t\t\t\t<div class=\"elementor-element elementor-element-c5b221e elementor-widget elementor-widget-shortcode\" data-id=\"c5b221e\" data-element_type=\"widget\" data-e-type=\"widget\" data-widget_type=\"shortcode.default\">\n\t\t\t\t<div class=\"elementor-widget-container\">\n\t\t\t\t\t\t\t<div class=\"elementor-shortcode\">\n<table id=\"tablepress-1\" class=\"tablepress tablepress-id-1\">\n<thead>\n<tr class=\"row-1\">\n\t<th class=\"column-1\">Naslov<\/th><th class=\"column-2\">Datum zadnje spremembe (LLLL-MM-DD)<\/th>\n<\/tr>\n<\/thead>\n<tbody class=\"row-striping row-hover\">\n<tr class=\"row-2\">\n\t<td class=\"column-1\"><a href=\"https:\/\/www.fkbv.um.si\/wp-content\/uploads\/2025\/07\/Navodilo-o-sluzbenih-potovanjih-na-Univerzi-v-Mariboru-012-2025-N-4-500.pdf\" rel=\"noopener\" target=\"_blank\">Navodilo o slu\u017ebenih potovanjih na Univerzi v Mariboru<\/a><\/td><td class=\"column-2\">2025-07-08<\/td>\n<\/tr>\n<tr class=\"row-3\">\n\t<td class=\"column-1\"><a href=\"https:\/\/www.fkbv.um.si\/wp-content\/uploads\/2022\/12\/Navodilo-o-izvajanju-javnih-narocil-ter-notranji-kontroli-pri-izvajanju-postopkov-javnega-narocanja-na-FKBV.pdf\" rel=\"noopener\" target=\"_blank\">Navodilo o izvajanju javnih naro\u010dil te notranji kontroli pri izvajanju postopkov javnega naro\u010danja na FKBV<\/a><\/td><td class=\"column-2\">2021-12-13<\/td>\n<\/tr>\n<tr class=\"row-4\">\n\t<td class=\"column-1\"><a href=\"https:\/\/www.fkbv.um.si\/wp-content\/uploads\/2022\/12\/Navodilo-za-vodenje-letnih-pogovorov-z-zaposlenimi-na-FKBV_18_6_2020.pdf\" rel=\"noopener\" target=\"_blank\">Navodilo za vodenje letnih pogovorov z zaposlenimi na FKBV<\/a><\/td><td class=\"column-2\">2020-06-18<\/td>\n<\/tr>\n<tr class=\"row-5\">\n\t<td class=\"column-1\">Navodila za ravnanje z odpadki na Fakulteti za kmetijstvo in biosistemske vede Univerze v Mariboru (<a href=\"https:\/\/www.fkbv.um.si\/wp-content\/uploads\/2023\/01\/Navodila-za-ravnanje-z-odpadki-na-FKBV.pdf\" rel=\"noopener\" target=\"_blank\">na FKBV<\/a> | <a href=\"https:\/\/www.fkbv.um.si\/wp-content\/uploads\/2023\/01\/Priloga_Navodila-za-izvajanje-postopkov-ravnanja-z-odpadki-po-lokacijah-FKBV.pdf\" rel=\"noopener\" target=\"_blank\">po lokacijah FKBV<\/a>)<\/td><td class=\"column-2\">2022-12-30<\/td>\n<\/tr>\n<tr class=\"row-6\">\n\t<td class=\"column-1\"><a href=\"https:\/\/www.fkbv.um.si\/wp-content\/uploads\/2023\/02\/Pravilnik-o-priznanjih-nagradah-in-svecanih-listinah-FKBV-UM.pdf\" rel=\"noopener\" target=\"_blank\">Pravilnik o priznanjih nagradah in sve\u010danih listinah FKBV UM<\/a><\/td><td class=\"column-2\">2022-09-05<\/td>\n<\/tr>\n<tr class=\"row-7\">\n\t<td class=\"column-1\"><a href=\"https:\/\/www.fkbv.um.si\/wp-content\/uploads\/2023\/03\/Pravilnik-o-splosnih-pogojih-delovanja-knjiznice-FKBV_junij-2022.pdf\" rel=\"noopener\" target=\"_blank\">Pravilnik o splo\u0161nih pogojih poslovanja knji\u017enice FKBV UM<\/a><\/td><td class=\"column-2\">2022-10-19<\/td>\n<\/tr>\n<tr class=\"row-8\">\n\t<td class=\"column-1\"><a href=\"https:\/\/www.fkbv.um.si\/wp-content\/uploads\/2023\/10\/Sklep-o-uvedbi-videonadzora_27_10_2023.pdf\" rel=\"noopener\" target=\"_blank\">Sklep o izvajanju videonadzora<\/a><\/td><td class=\"column-2\">2023-10-27<\/td>\n<\/tr>\n<tr class=\"row-9\">\n\t<td class=\"column-1\"><a href=\"https:\/\/www.fkbv.um.si\/wp-content\/uploads\/2023\/05\/Pravilnik-o-zalozniski-dejavnosti-FKBV.pdf\" rel=\"noopener\" target=\"_blank\">Pravilnik o zalo\u017eni\u0161ki dejavnosti<\/a><\/td><td class=\"column-2\">2016-11-02<\/td>\n<\/tr>\n<tr class=\"row-10\">\n\t<td class=\"column-1\"><a href=\"https:\/\/www.fkbv.um.si\/wp-content\/uploads\/2025\/06\/Navodila-o-izvajanju-tutorskega-sistema-na-FKBV_18_3_2024-s-sprem-in-dop.pdf\" rel=\"noopener\" target=\"_blank\">Navodila o izvajanju tutorskega sistema na FKBV<\/a><\/td><td class=\"column-2\">2025-06-12<\/td>\n<\/tr>\n<tr class=\"row-11\">\n\t<td class=\"column-1\"><a href=\"https:\/\/www.fkbv.um.si\/wp-content\/uploads\/2024\/12\/2024_09_30_Pravilnik-o-vrednotenju-dela-VU-in-VS-FKBV-UM.pdf\" rel=\"noopener\" target=\"_blank\">Pravilnik o vrednotenju dela visoko\u0161olskih u\u010diteljev in sodelavcev FKBV UM<\/a><\/td><td class=\"column-2\">2024-10-22<\/td>\n<\/tr>\n<\/tbody>\n<\/table>\n<!-- #tablepress-1 from cache --><\/div>\n\t\t\t\t\t\t<\/div>\n\t\t\t\t<\/div>\n\t\t\t\t<div class=\"elementor-element elementor-element-765a6da elementor-widget elementor-widget-spacer\" data-id=\"765a6da\" data-element_type=\"widget\" data-e-type=\"widget\" data-widget_type=\"spacer.default\">\n\t\t\t\t<div class=\"elementor-widget-container\">\n\t\t\t\t\t\t\t<div class=\"elementor-spacer\">\n\t\t\t<div class=\"elementor-spacer-inner\"><\/div>\n\t\t<\/div>\n\t\t\t\t\t\t<\/div>\n\t\t\t\t<\/div>\n\t\t\t\t<div class=\"elementor-element elementor-element-534391c elementor-widget elementor-widget-heading\" data-id=\"534391c\" data-element_type=\"widget\" data-e-type=\"widget\" data-widget_type=\"heading.default\">\n\t\t\t\t<div class=\"elementor-widget-container\">\n\t\t\t\t\t<h2 class=\"elementor-heading-title elementor-size-default\">Ostale povezave:<\/h2>\t\t\t\t<\/div>\n\t\t\t\t<\/div>\n\t\t\t\t\t<\/div>\n\t\t<\/div>\n\t\t\t\t\t<\/div>\n\t\t<\/section>\n\t\t\t\t<section class=\"elementor-section elementor-top-section elementor-element elementor-element-dc636b2 elementor-section-boxed elementor-section-height-default elementor-section-height-default\" data-id=\"dc636b2\" data-element_type=\"section\" data-e-type=\"section\">\n\t\t\t\t\t\t<div class=\"elementor-container elementor-column-gap-default\">\n\t\t\t\t\t<div class=\"elementor-column elementor-col-100 elementor-top-column elementor-element elementor-element-fbbae39\" data-id=\"fbbae39\" data-element_type=\"column\" data-e-type=\"column\">\n\t\t\t<div class=\"elementor-widget-wrap elementor-element-populated\">\n\t\t\t\t\t\t<div class=\"elementor-element elementor-element-bc1539a elementor-widget elementor-widget-text-editor\" data-id=\"bc1539a\" data-element_type=\"widget\" data-e-type=\"widget\" data-widget_type=\"text-editor.default\">\n\t\t\t\t<div class=\"elementor-widget-container\">\n\t\t\t\t\t\t\t\t\t<ul><li><a href=\"https:\/\/univerzamb.sharepoint.com\/:x:\/s\/Strokovne-sluzbe-FKBV\/ETKj_EIhz8dJibonUSCuUA4BNxhvoapsbHrT2Y3ZruvzLA?e=Cs98oF\">Imenik zaposlenih<\/a><\/li><li><a href=\"https:\/\/univerzamb.sharepoint.com\/:f:\/s\/FKBV-zapisniki\/EpjmXfiZ77xDlX-BkH-337sBNm1JEPApn9jof-dwaqIi1A?e=RY6eCt\">Zapisniki<\/a><\/li><li><a href=\"https:\/\/www.um.si\/o-univerzi\/dokumentno-sredisce\/\">Dokumentno sredi\u0161\u010de UM<\/a><\/li><\/ul>\t\t\t\t\t\t\t\t<\/div>\n\t\t\t\t<\/div>\n\t\t\t\t\t<\/div>\n\t\t<\/div>\n\t\t\t\t\t<\/div>\n\t\t<\/section>\n\t\t\t\t<\/div>\n\t\t","protected":false},"excerpt":{"rendered":"<p>Dokumentno sredi\u0161\u010de Ostale povezave: Imenik zaposlenih Zapisniki Dokumentno sredi\u0161\u010de UM<\/p>\n","protected":false},"author":1,"featured_media":0,"parent":0,"menu_order":0,"comment_status":"closed","ping_status":"closed","template":"elementor_header_footer","meta":{"ocean_post_layout":"","ocean_both_sidebars_style":"","ocean_both_sidebars_content_width":0,"ocean_both_sidebars_sidebars_width":0,"ocean_sidebar":"0","ocean_second_sidebar":"0","ocean_disable_margins":"enable","ocean_add_body_class":"","ocean_shortcode_before_top_bar":"","ocean_shortcode_after_top_bar":"","ocean_shortcode_before_header":"","ocean_shortcode_after_header":"","ocean_has_shortcode":"","ocean_shortcode_after_title":"","ocean_shortcode_before_footer_widgets":"","ocean_shortcode_after_footer_widgets":"","ocean_shortcode_before_footer_bottom":"","ocean_shortcode_after_footer_bottom":"","ocean_display_top_bar":"default","ocean_display_header":"default","ocean_header_style":"","ocean_center_header_left_menu":"0","ocean_custom_header_template":"0","ocean_custom_logo":0,"ocean_custom_retina_logo":0,"ocean_custom_logo_max_width":0,"ocean_custom_logo_tablet_max_width":0,"ocean_custom_logo_mobile_max_width":0,"ocean_custom_logo_max_height":0,"ocean_custom_logo_tablet_max_height":0,"ocean_custom_logo_mobile_max_height":0,"ocean_header_custom_menu":"0","ocean_menu_typo_font_family":"0","ocean_menu_typo_font_subset":"","ocean_menu_typo_font_size":0,"ocean_menu_typo_font_size_tablet":0,"ocean_menu_typo_font_size_mobile":0,"ocean_menu_typo_font_size_unit":"px","ocean_menu_typo_font_weight":"","ocean_menu_typo_font_weight_tablet":"","ocean_menu_typo_font_weight_mobile":"","ocean_menu_typo_transform":"","ocean_menu_typo_transform_tablet":"","ocean_menu_typo_transform_mobile":"","ocean_menu_typo_line_height":0,"ocean_menu_typo_line_height_tablet":0,"ocean_menu_typo_line_height_mobile":0,"ocean_menu_typo_line_height_unit":"","ocean_menu_typo_spacing":0,"ocean_menu_typo_spacing_tablet":0,"ocean_menu_typo_spacing_mobile":0,"ocean_menu_typo_spacing_unit":"","ocean_menu_link_color":"","ocean_menu_link_color_hover":"","ocean_menu_link_color_active":"","ocean_menu_link_background":"","ocean_menu_link_hover_background":"","ocean_menu_link_active_background":"","ocean_menu_social_links_bg":"","ocean_menu_social_hover_links_bg":"","ocean_menu_social_links_color":"","ocean_menu_social_hover_links_color":"","ocean_disable_title":"default","ocean_disable_heading":"default","ocean_post_title":"","ocean_post_subheading":"","ocean_post_title_style":"","ocean_post_title_background_color":"","ocean_post_title_background":0,"ocean_post_title_bg_image_position":"","ocean_post_title_bg_image_attachment":"","ocean_post_title_bg_image_repeat":"","ocean_post_title_bg_image_size":"","ocean_post_title_height":0,"ocean_post_title_bg_overlay":0.5,"ocean_post_title_bg_overlay_color":"","ocean_disable_breadcrumbs":"default","ocean_breadcrumbs_color":"","ocean_breadcrumbs_separator_color":"","ocean_breadcrumbs_links_color":"","ocean_breadcrumbs_links_hover_color":"","ocean_display_footer_widgets":"default","ocean_display_footer_bottom":"default","ocean_custom_footer_template":"0","footnotes":""},"folder":[],"class_list":["post-11444","page","type-page","status-publish","hentry","entry"],"publishpress_future_action":{"enabled":false,"date":"2026-05-09 23:47:15","action":"change-status","newStatus":"draft","terms":[],"taxonomy":"folder","extraData":[]},"publishpress_future_workflow_manual_trigger":{"enabledWorkflows":[]},"_links":{"self":[{"href":"https:\/\/www.fkbv.um.si\/index.php?rest_route=\/wp\/v2\/pages\/11444","targetHints":{"allow":["GET"]}}],"collection":[{"href":"https:\/\/www.fkbv.um.si\/index.php?rest_route=\/wp\/v2\/pages"}],"about":[{"href":"https:\/\/www.fkbv.um.si\/index.php?rest_route=\/wp\/v2\/types\/page"}],"author":[{"embeddable":true,"href":"https:\/\/www.fkbv.um.si\/index.php?rest_route=\/wp\/v2\/users\/1"}],"replies":[{"embeddable":true,"href":"https:\/\/www.fkbv.um.si\/index.php?rest_route=%2Fwp%2Fv2%2Fcomments&post=11444"}],"version-history":[{"count":37,"href":"https:\/\/www.fkbv.um.si\/index.php?rest_route=\/wp\/v2\/pages\/11444\/revisions"}],"predecessor-version":[{"id":17610,"href":"https:\/\/www.fkbv.um.si\/index.php?rest_route=\/wp\/v2\/pages\/11444\/revisions\/17610"}],"wp:attachment":[{"href":"https:\/\/www.fkbv.um.si\/index.php?rest_route=%2Fwp%2Fv2%2Fmedia&parent=11444"}],"wp:term":[{"taxonomy":"folder","embeddable":true,"href":"https:\/\/www.fkbv.um.si\/index.php?rest_route=%2Fwp%2Fv2%2Ffolder&post=11444"}],"curies":[{"name":"wp","href":"https:\/\/api.w.org\/{rel}","templated":true}]}}